is the remainder when 210666 is divided by 42126?
36
Calculate the remainder when 20165 is divided by 105.
5
Calculate the remainder when 464462 is divided by 44.
42
Calculate the remainder when 60798 is divided by 16.
14
What is the remainder when 12725 is divided by 146?
23
Calculate the remainder when 1260172 is divided by 751.
745
What is the remainder when 24792 is divided by 406?
26
What is the remainder when 6164 is divided by 2932?
300
What is the remainder when 505979 is divided by 301?
299
Calculate the remainder when 3076283 is divided by 1542.
1535
Calculate the remainder when 91925 is divided by 50.
25
What is the remainder when 4163 is divided by 447?
140
What is the remainder when 96827 is divided by 18?
5
What is the remainder when 1153614 is divided by 15?
9
Calculate the remainder when 32261 is divided by 1147.
145
What is the remainder when 69081 is divided by 30?
21
Calculate the remainder when 5265 is divided by 83.
36
Calculate the remainder when 5989 is divided by 116.
73
Calculate the remainder when 102057 is divided by 210.
207
What is the remainder when 96330 is divided by 669?
663
Calculate the remainder when 8148 is divided by 291.
0
What is the remainder when 1946 is divided by 143?
87
What is the remainder when 1092736 is divided by 11?
7
Calculate the remainder when 58563 is divided by 14605.
143
What is the remainder when 41114 is divided by 186?
8
What is the remainder when 1464 is divided by 1455?
9
Calculate the remainder when 280958 is divided by 7.
6
Calculate the remainder when 24973 is divided by 7908.
1249
Calculate the remainder when 55376 is divided by 65.
61
Calculate the remainder when 21946 is divided by 10973.
0
What is the remainder when 923 is divided by 16?
11
What is the remainder when 175051 is divided by 410?
391
What is the remainder when 60537 is divided by 197?
58
Calculate the remainder when 4425 is divided by 41.
38
What is the remainder when 223968 is divided by 38?
34
Calculate the remainder when 8390 is divided by 4178.
34
What is the remainder when 5357 is divided by 1040?
157
What is the remainder when 603186 is divided by 90?
6
Calculate the remainder when 10944 is divided by 2335.
1604
What is the remainder when 11257 is divided by 22?
15
What is the remainder when 263 is divided by 59?
27
What is the remainder when 2635 is divided by 531?
511
What is the remainder when 871114 is divided by 125?
114
What is the remainder when 3487 is divided by 206?
191
What is the remainder when 10757 is divided by 372?
341
Calculate the remainder when 83987 is divided by 120.
107
What is the remainder when 7264 is divided by 1759?
228
Calculate the remainder when 117256 is divided by 122.
14
What is the remainder when 104060 is divided by 282?
2
What is the remainder when 159617 is divided by 636?
617
What is the remainder when 96163 is divided by 1023?
1
Calculate the remainder when 20543 is divided by 5131.
19
Calculate the remainder when 89168 is divided by 82.
34
What is the remainder when 903 is divided by 182?
175
What is the remainder when 911 is divided by 102?
95
Calculate the remainder when 24563 is divided by 6139.
7
Calculate the remainder when 729271 is divided by 26.
23
What is the remainder when 1686 is divided by 599?
488
What is the remainder when 13565958 is divided by 40?
38
What is the remainder when 1021416 is divided by 204280?
16
Calculate the remainder when 150281 is divided by 138.
137
Calculate the remainder when 21201 is divided by 15.
6
What is the remainder when 1361231 is divided by 9?
8
Calculate the remainder when 4010 is divided by 236.
234
Calculate the remainder when 11690 is divided by 245.
175
What is the remainder when 197340 is divided by 11?
0
Calculate the remainder when 63244 is divided by 194.
0
Calculate the remainder when 62535 is divided by 57.
6
What is the remainder when 16094 is divided by 460?
454
Calculate the remainder when 17188 is divided by 13.
2
Calculate the remainder when 25205 is divided by 869.
4
What is the remainder when 56163 is divided by 28?
23
What is the remainder when 13679423 is divided by 22?
21
Calculate the remainder when 24684 is divided by 12307.
70
What is the remainder when 16076 is divided by 15?
11
Calculate the remainder when 242838 is divided by 1499.
0
Calculate the remainder when 32108 is divided by 197.
194
What is the remainder when 1695 is divided by 151?
34
Calculate the remainder when 2543 is divided by 2506.
37
Calculate the remainder when 16922 is divided by 282.
2
Calculate the remainder when 11896 is divided by 14.
10
What is the remainder when 110219 is divided by 13?
5
What is the remainder when 18674 is divided by 83?
82
What is the remainder when 67340 is divided by 11222?
8
What is the remainder when 128282 is divided by 26?
24
Calculate the remainder when 3719 is divided by 1498.
723
What is the remainder when 7858 is divided by 7651?
207
Calculate the remainder when 56549 is divided by 174.
173
Calculate the remainder when 31920 is divided by 7829.
604
What is the remainder when 4485 is divided by 1459?
108
Calculate the remainder when 92883 is divided by 24.
3
What is the remainder when 9124 is divided by 1224?
556
Calculate the remainder when 40219 is divided by 2681.
4
Calculate the remainder when 2032 is divided by 522.
466
Calculate the remainder when 849 is divided by 43.
32
Calculate the remainder when 31176 is divided by 1301.
1253
What is the remainder when 1959 is divided by 967?
25
Calculate the remainder when 4396 is divided by 918.
724
Calculate the remainder when 21228 is divided by 90.
78
What is the remainder when 60740 is divided by 33?
20
Calculate the remainder when 373806 is divided by 64.
46
What is the remainder when 2388 is divided by 400?
388
What is the remainder when 6703 is divided by 606?
37
Calculate the remainder when 237545 is divided by 18.
17
What is the remainder when 5813 is divided by 171?
170
What is the remainder when 86738 is divided by 93?
62
What is the remainder when 438871 is divided by 68?
67
What is the remainder when 78 is divided by 35?
8
What is the remainder when 359583 is divided by 641?
623
Calculate the remainder when 4746 is divided by 719.
432
What is the remainder when 65832 is divided by 171?
168
Calculate the remainder when 5660 is divided by 413.
291
What is the remainder when 24173 is divided by 22?
17
What is the remainder when 5957 is divided by 2946?
65
What is the remainder when 382898 is divided by 61?
1
Calculate the remainder when 640779 is divided by 55.
29
Calculate the remainder when 470 is divided by 245.
225
What is the remainder when 22061 is divided by 2450?
11
What is the remainder when 8197 is divided by 2016?
133
What is the remainder when 14048 is divided by 702?
8
What is the remainder when 168085 is divided by 132?
49
Calculate the remainder when 30361 is divided by 144.
121
Calculate the remainder when 2223 is divided by 111.
3
What is the remainder when 8934001 is divided by 27?
25
Calculate the remainder when 4019 is divided by 573.
8
What is the remainder when 243025 is divided by 121512?
1
Calculate the remainder when 23990 is divided by 727.
726
Calculate the remainder when 113232 is divided by 153.
12
Calculate the remainder when 6076 is divided by 1977.
145
Calculate the remainder when 17452 is divided by 296.
284
What is the remainder when 10658 is divided by 2130?
8
Calculate the remainder when 2340 is divided by 336.
324
What is the remainder when 2894 is divided by 416?
398
What is the remainder when 179137 is divided by 130?
127
What is the remainder when 39997 is divided by 16?
13
Calculate the remainder when 144531 is divided by 57.
36
What is the remainder when 1034324 is divided by 45?
44
What is the remainder when 17709 is divided by 3401?
704
Calculate the remainder when 46753 is divided by 15572.
37
Calculate the remainder when 174725 is divided by 3.
2
What is the remainder when 574088 is divided by 206?
172
What is the remainder when 10644755 is divided by 20?
15
Calculate the remainder when 25606 is divided by 4260.
46
What is the remainder when 3500 is divided by 30?
20
Calculate the remainder when 5749 is divided by 635.
34
What is the remainder when 128432 is divided by 25665?
107
What is th